e of 4*z**2 - 11*z - 1. Is h(8) a composite number?
False
Let d(o) = -o**2 + 8*o + 11. Let i be d(9). Suppose -4 = -i*s, 5*a + 82 = -2*s + 681. Is a a prime number?
False
Suppose -355 = 2*s - 3*s. Suppose 556 = l - s. Is l composite?
False
Suppose 3*l = 3*j + 72 + 144, -j = 5*l - 354. Let i = l + -36. Is i a composite number?
True
Let m be ((-6)/12)/((-2)/4). Let v be 10*2/m + -2. Is 274/v - 6/27 composite?
True
Suppose -4*v = l - 839, -3*v - 4157 = -5*l - 4*v. Is l a composite number?
True
Let a be ((-1)/(-2))/(5/10). Suppose -4*j = -3*r - 14, -j + 3*r - 2 = -a. Suppose -3*k + 94 = 5*f - 177, 2*f = -j*k + 477. Is k a prime number?
True
Let y = -39 - -91. Suppose 5*d - 307 + y = 0. Is d prime?
False
Suppose -8*i = -30 - 554. Let g(l) = 2*l**2 + 5*l - 4. Let f be g(4). Let m = f + i. Is m a prime number?
False
Suppose -5*c - 955 = -4*m + 278, -2*c = -m + 309. Is m prime?
True
Let l = 679 - 122. Is l prime?
True
Let c = 34 - 70. Is 168/c*(-3)/2 composite?
False
Suppose -a = 3*x - 224, -4*x = -0*a - 4*a - 304. Suppose -x - 2 = -t. Is t prime?
False
Suppose -10*s = -17*s + 16961. Is s a composite number?
False
Let z = -94 - -333. Is z a composite number?
False
Let i(u) = -u**2 - 14*u + 1. Let o be i(-6). Suppose z = 132 - o. Is z composite?
False
Let y = 18 + -13. Let u be -1 + (-7 - -4) + 14. Suppose -y = -a + u. Is a a prime number?
False
Let o be (-3)/(-2)*(-8)/(-12). Let w be ((-10)/8)/(o/(-72)). Let i = -59 + w. Is i a composite number?
False
Let j(d) = -d**2 - 2. Let l be j(-5). Let x be (8/6)/((-6)/l). Suppose -2*b - 524 = -x*b. Is b composite?
False
Let v(n) = -n**3 + n**2 - n - 4. Let u be v(0). Is 31/1 + 4 + u a composite number?
False
Let u(k) = 2*k**2 + 5*k + 3. Let s be u(-3). Let m(n) = -14*n**2 - 8*n + 5. Let z(w) = -5*w**2 - 3*w + 2. Let t(x) = s*m(x) - 17*z(x). Is t(-5) a prime number?
False
Is 8304/6 - (3 + 0) composite?
False
Suppose 5*i = -32 - 13. Is 48*(-24)/i - 1 a prime number?
True
Let c = -17 + 12. Let n be c/(15/(-162)) + -3. Let w = -14 + n. Is w prime?
True
Let q(y) = -2*y + 4. Let g be q(-5). Let b = 1 + g. Is b composite?
True
Suppose 4*l = 6*l. Suppose 4*m = 5*p + 3 + 34, l = 2*m + 3*p - 35. Is m prime?
True
Let g(i) = i - 4. Let o be g(6). Let c be (-8)/o*(-18)/(-8). Let k = c - -22. Is k a composite number?
False
Let d be 2 + (-2 - (-4)/2). Is d + -1 + (19 - 1) a composite number?
False
Let d(s) = 2*s**2 - 2*s - 1. Let z be d(-1). Let x be z/((-9)/(-6)) - -1. Suppose 74 = x*c - c. Is c a composite number?
False
Let o be 1/(1*(-1)/(-10)). Let y be (-73)/5 + o/(-25). Let s = y + 24. Is s prime?
False
Let r(a) = 6*a**2 + 4*a - 9. Is r(5) composite?
True
Let o = -1 - -2. Suppose -o = -d - 6. Is (0 + -2*1)*d a prime number?
False
Let i(c) = c**2 - 6*c - 5. Let j be i(7). Is -317*1/j*-2 composite?
False
Let v = -320 + 1179. Is v a composite number?
False
Let r = -62 - -183. Is r a prime number?
False
Let u = 9 - 4. Let f = -1 + u. Let g(r) = 2*r**2 + 3*r - 1. Is g(f) a prime number?
True
Let p = -2 - -4. Suppose -156 = p*q + 2*q. Let b = q + 74. Is b a composite number?
True
Let h(d) = -23*d + 1. Let q be h(-3). Let c be -1 - (0 - 34) - -2. Let s = q - c. Is s prime?
False
Let k(a) = 5*a**2 + 37*a + 36. Let d = 7 - 5. Let z(w) = w**2 + 9*w + 9. Let i(f) = d*k(f) - 9*z(f). Is i(10) a composite number?
True
Let z(f) = -1 + 3*f - 4 + 6. Let q be z(1). Suppose -q*i = -2*y - 40, -3*y = -2*i - 0*y + 24. Is i a composite number?
True
Suppose -2*n = 4*d + 136, n + 88 = 2*d - 0*d. Let k = n + 113. Is k a prime number?
False
Let z(o) = 4*o**2 - 11*o - 10. Is z(-7) a composite number?
False
Is 2*2/(-16) + (-205)/(-4) prime?
False
Let w(n) = 2*n - 1. Let r be w(-2). Let u(o) = o**2 - o - 1. Let f(d) = 5*d**2 - 6*d - 7. Let b(c) = -f(c) + 6*u(c). Is b(r) prime?
False
Let t = -543 + 1174. Is t a prime number?
True
Let s be ((-246)/5)/((-36)/(-120)). Let r = 277 + s. Is r a prime number?
True
Suppose 0 = -3*x - 4 - 8, 1249 = 3*v + 5*x. Suppose 0 = -2*f - 4*s + 282, -4*s = -4*f + f + v. Is f composite?
True
Suppose c - 106 = 2*v + 56, -345 = -2*c - 3*v. Let p(n) = -2*n**3 - 6*n**2 + 4*n - 3. Let t be p(-5). Let h = c - t. Is h prime?
False
Suppose 20 = 4*y, 3*b - 12 = -y + 2. Suppose -b*p = -171 + 33. Is p prime?
False
Let a(m) = -3*m - 3 + m + 0*m. Let k be a(-3). Suppose -57 = -0*z - k*z. Is z a composite number?
False
Let h be (1 + -2)/((-1)/(-166)). Let b = h - -235. Is b composite?
True
Suppose -3133 = -4*t + 3*i, -i + 3940 = 4*t + t. Is t a composite number?
False
Suppose 4*f = -w - 1, 0 = 4*f + 2 + 6. Let d = 30 - w. Is d prime?
True
Suppose -2*p - 4*z + 1406 = 0, -p + 721 = -z - 3*z. Is p prime?
True
Let d(j) = 2*j. Let k be d(1). Let s be (-1*k - 1)*1. Let q = 7 - s. Is q composite?
True
Let j(i) be the second derivative of 11*i**3/6 + i**2 + i. Suppose -3*m - 2*x = -11, 3*m + m - 4*x - 8 = 0. Is j(m) prime?
False
Let v be 0/(3/(-1)) + 0. Is 0 - ((-74)/2 + v) prime?
True
Suppose 4*g = 131 + 633. Is g prime?
True
Let b be (-2)/((-3)/((-3)/1)). Let g be -2 - (-12)/1 - b. Suppose -i + g = -r, i = 4*i - 4*r - 34. Is i prime?
False
Let m be 2*(123/(-6) + 1). Let w = m - -106. Is w composite?
False
Let n be (0 - 3) + -1 + 9. Suppose -n*a + 234 = -31. Is a prime?
True
Is 3 + (4/8 - (-687)/2) composite?
False
Is 284/(-6)*(-12)/8 a prime number?
True
Let p(n) = -2*n**3 - 8*n**2 - 10*n - 2. Let t be p(-7). Let u = -201 + t. Is u a prime number?
False
Suppose 12 = 4*i + 4. Suppose -5*l = -2*l - i*a - 3, 0 = -3*l + 3*a. Suppose -l*u + 102 + 60 = -3*o, 5*u = 2*o + 261. Is u prime?
False
Suppose 171 = 3*g - 6. Is g composite?
False
Suppose -6*q + 2038 + 2648 = 0. Is q a composite number?
True
Let a(p) = -791*p - 1. Is a(-4) a prime number?
True
Suppose -2*n = -2*i + 18 - 6, i - 8 = 3*n. Is ((-4)/(-8))/(n/(-138)) composite?
True
Let i = -8 - -10. Suppose -2*c + i*y = -8, -2*c + y = c - 16. Is c composite?
True
Let t(g) = -444*g**3 - 3*g - 2. Is t(-1) a prime number?
False
Let o be 5/(-10) - (-13)/2. Let n be 2/o - (-88)/6. Is (n - 1)/((-6)/(-15)) prime?
False
Let b be -1 - 0 - (5 + 1). Let i be (24/(-5))/(b/560). Let m = i + -221. Is m a composite number?
False
Let p be -14 + (-2 + -1 - -1). Let u = p + -65. Let i = -44 - u. Is i prime?
True
Let z = 42 - -13. Let w = z + 30. Is w prime?
False
Let k(m) = -m + 11. Let g be k(7). Let d(s) = 22*s - 3. Is d(g) a composite number?
True
Let p(a) = 0*a - a**2 + 2 - 7*a + 4. Is p(-7) a prime number?
False
Let g be ((-18)/(-21))/((-3)/21). Is g/24 + 682/8 a composite number?
True
Let a(q) = 496*q - 7. Let u(v) = 992*v - 13. Let p(b) = 11*a(b) - 6*u(b). Is p(-1) prime?
False
Let d(j) = -4*j**2 - 5*j - 2. Let i(q) = -3*q**2 - 4*q - 1. Let y(g) = 2*d(g) - 3*i(g). Is y(-9) prime?
False
Suppose 0 = 4*v - 2*o - 1230, -2*v = -5*v + 4*o + 925. Is v a prime number?
True
Is (-20)/130 - (-6608)/26 prime?
False
Let q(t) = 6*t**2 + 3*t + 1. Suppose 0 = 5*o - o - 28. Suppose 0 = -m - d - 0*d - o, 0 = -5*m - 4*d - 31. Is q(m) a prime number?
False
Suppose p - 3*q = 11, 2*p + 2*q = -0*q + 6. Suppose -j + p = -5*t, -4*t + 0 = j - 5. Suppose -d + 7 + 7 = t. Is d a prime number?
False
Let h = 224 + 134. Is h prime?
False
Suppose 3*r = -2*r - 4*j + 2465, 3*j - 1479 = -3*r. Is r a composite number?
True
Suppose 2*b = 2*g + 4, -3*g + 5*b = 3*b + 5. Let v be g/(-2*(-3)/24). Is (-17)/v*(-1 - -21) a composite number?
True
Suppose -3*j + 167 = 2*u + 43, -5*j = -3*u + 205. Is u prime?
False
Let w be 0/(-2) - 194*3. Is w/3*1/(-2) prime?
True
Suppose 6*a + 4*a - 3410 = 0. Is a prime?
False
Suppose -206 = -t + h, -810 = -2*t - 2*t - 3*h. Let a = -115 + t. Is a prime?
True
Suppose -3*k = 2*k. Suppose -140 = -4*a - k*a. Is a a prime number?
False
Suppose 0 = 5*b + 5*j - 755, 3*j = b - 3*b + 304. Is b prime?
True
Let v = 55 - -63. Suppose -3*f + v = -f. Is f a composite number?
False
Let u(d) = -54*d**2 + d + 1. Let s be u(-2). Is s/(-77) + 2/11 a prime number?
True
Let g(d) = -124*d**3 - d**2 + 2*d + 3. Let j(u) = 123*u**3 + u**2 - 3*u - 4. Let x(c) = 4*g(c) + 3*j(c). Is x(-1) composite?
False
Let q be 3/6 - (-14)/(-4). Let j(w) = -5*w - 1. Is j(q) a prime number?
False
Let r be ((-2)/6)/((-2)/6). Suppose -611 = -4*j + 149. Let v = j + r. Is v a composite number?
False
Is (1 + 2)/(18/1230) a composite number?
True
Suppose -298 